o base 7
-54244
What is 1001111110000 (base 2) in base 4?
1033300
What is 110111100100000 (base 2) in base 5?
1402243
What is 81b6 (base 16) in base 3?
1200112212
-33330 (base 4) to base 9
-1353
What is 6257 (base 10) in base 14?
23cd
What is 70b6 (base 12) in base 16?
2fca
What is -1b09 (base 15) in base 4?
-1123203
What is -73b (base 14) in base 3?
-1221210
Convert 2121 (base 6) to base 2.
111100001
Convert 1132221 (base 5) to base 11.
14803
What is -970b (base 14) in base 15?
-7ad9
b3a0 (base 12) to base 8
46150
What is -1001001011 (base 2) in base 12?
-40b
What is 94 (base 14) in base 9?
154
Convert -33543 (base 6) to base 2.
-1001010000111
4850 (base 13) to base 5
311310
436 (base 12) to base 15
2b3
Convert -654 (base 10) to base 13.
-3b4
-2614 (base 12) to base 2
-1000011110000
What is -2906 (base 12) in base 9?
-6466
509 (base 12) to base 14
3a1
Convert -1223 (base 9) to base 11.
-75a
Convert 428 (base 14) to base 13.
4b1
What is -18a5 (base 12) in base 6?
-21525
1555 (base 13) to base 8
6050
What is 262403 (base 7) in base 3?
2111002022
What is -104 (base 10) in base 9?
-125
9113 (base 10) to base 2
10001110011001
Convert -241 (base 11) to base 10.
-287
Convert -102001 (base 3) to base 12.
-20a
-666 (base 10) to base 8
-1232
-502 (base 11) to base 16
-25f
9a0a (base 12) to base 7
100366
-101110 (base 4) to base 2
-10001010100
What is 209 (base 15) in base 4?
13023
Convert -e74 (base 16) to base 12.
-2184
-3b02 (base 12) to base 8
-15162
544502 (base 6) to base 4
23000312
Convert 14412 (base 5) to base 12.
868
What is -88d2 (base 14) in base 13?
-aa35
Convert 40114 (base 5) to base 10.
2534
535 (base 7) to base 8
417
Convert a458 (base 11) to base 2.
11011000100001
Convert -13320 (base 4) to base 12.
-360
Convert -1220102 (base 4) to base 15.
-1e9e
-23034 (base 6) to base 5
-101022
234214 (base 6) to base 10
20386
-607 (base 9) to base 2
-111101101
Convert 1277 (base 8) to base 4.
22333
-1067 (base 13) to base 8
-4352
What is f0 (base 16) in base 8?
360
What is be2e (base 15) in base 10?
40319
653a (base 12) to base 10
11134
Convert -221 (base 16) to base 6.
-2305
Convert 18543 (base 10) to base 4.
10201233
254 (base 6) to base 10
106
What is 3025 (base 7) in base 9?
1384
What is -1011000001011 (base 2) in base 5?
-140033
3d2 (base 14) to base 13
475
What is -10101211 (base 3) in base 10?
-2479
What is 8597 (base 11) in base 4?
2301133
332 (base 14) to base 10
632
What is 15a5 (base 14) in base 11?
29a8
Convert -3b3 (base 13) to base 7.
-1622
Convert -11011001111101 (base 2) to base 5.
-421244
149c (base 13) to base 2
101110111010
Convert -123310 (base 5) to base 4.
-1023132
Convert 2212212 (base 3) to base 7.
6062
What is -3243 (base 14) in base 3?
-102220121
-11100010011111 (base 2) to base 9
-21785
Convert 133240 (base 5) to base 11.
4100
-3b63 (base 16) to base 3
-202212002
-407 (base 11) to base 13
-2ba
Convert -1017 (base 16) to base 14.
-1703
Convert 164b (base 14) to base 6.
30243
-3564 (base 8) to base 4
-131310
What is 16226 (base 8) in base 14?
294a
320 (base 5) to base 13
67
Convert 20020 (base 3) to base 13.
cc
-121 (base 3) to base 2
-10000
What is -257 (base 10) in base 7?
-515
Convert -12710 (base 12) to base 11.
-17a40
-200222 (base 5) to base 6
-45120
What is -12252 (base 7) in base 14?
-1262
Convert c781 (base 14) to base 12.
17ab9
What is -10550 (base 6) in base 7?
-4251
What is -340 (base 13) in base 3?
-202201
-147 (base 9) to base 13
-97
20012201 (base 3) to base 10
4528
What is bd (base 14) in base 4?
2213
What is 6cd (base 14) in base 10?
1357
Convert -230144 (base 5) to base 16.
-1fee
What is 4b9 (base 15) in base 14?
56a
Convert -3b6 (base 12) to base 3.
-210010
-1202221 (base 3) to base 8
-2416
Convert 227 (base 10) to base 16.
e3
Convert -16554 (base 7) to base 4.
-1022013
What is -4546 (base 7) in base 4?
-121303
Convert -382 (base 11) to base 9.
-553
What is 1286 (base 9) in base 15?
449
100001001100 (base 2) to base 9
2820
What is 2437 (base 10) in base 3?
10100021
What is 1271 (base 15) in base 13?
1a35
What is 303220 (base 6) in base 13?
ac4a
13620 (base 7) to base 3
12010110
Convert 1110111100 (base 2) to base 6.
4232
Convert -18518 (base 9) to base 2.
-11001000001111
Convert 2768 (base 9) to base 10.
2087
173a5 (base 14) to base 6
1130101
Convert 93c (base 13) to base 2.
11000100100
-11212202 (base 3) to base 6
-24245
What is -12055 (base 7) in base 4?
-300313
Convert -177 (base 13) to base 14.
-151
10001010100010100 (base 2) to base 6
1304220
110131 (base 6) to base 4
2032213
2243 (base 5) to base 14
191
What is 12312 (base 7) in base 14?
1279
Convert 123060 (base 7) to base 16.
5898
Convert 24208 (base 11) to base 13.
12b33
Convert 3962 (base 11) to base 4.
1100132
-240123 (base 5) to base 8
-21124
-53440 (base 8) to base 14
-81b2
Convert 4b (base 15) to base 2.
1000111
Convert 40015 (base 6) to base 7.
21101
Convert -222200 (base 4) to base 14.
-dc4
What is 28389 (base 10) in base 7?
145524
Convert 1111111011111000 (base 2) to base 5.
4042042
-10001233 (base 4) to base 8
-40157
Convert 1011011011 (base 2) to base 4.
23123
-11651 (base 13) to base 4
-13301132
3260 (base 16) to base 7
52412
What is -7d0c (base 14) in base 9?
-32766
-11121211 (base 3) to base 4
-310222
-1120311 (base 4) to base 11
-42a9
-1032033 (base 4) to base 5
-130012
-34430 (base 9) to base 11
-16274
What is 16a (base 13) in base 10?
257
-22020121 (base 3) to base 13
-2974
Convert -42746 (base 8) to base 4.
-10113212
What is -1453 (base 6) in base 4?
-12021
Convert 10028 (base 9) to base 7.
25130
110110110 (base 2) to base 8
666
9c5b (base 14) to base 13
c46b
Convert 6a6 (base 11) to base 16.
34a
Convert 102543 (base 8) to base 12.
17917
-2c (base 13) to base 15
-28
13300200 (base 4) to base 13
11604
What is 2442 (base 11) in base 13?
15b7
Convert 741 (base 16) to base 13.
acb
Convert 7787 (base 12) to base 3.
200010011
Convert b86c (base 16) to base 2.
1011100001101100
Convert -130a0 (base 11) to base 9.
-27636
What is -211222 (base 3) in base 10?
-620
Convert 9c6 (base 13) to base 3.
2022100
What is -1332 (base 4) in base 3?
-11200
-13765 (base 9) to base 11
-7052
-31504 (base 6) to base 10
-4288
a79c (base 13) to base 3
1011221022
What is -862 (base 16) in base 9?
-2844
Convert -2619 (base 12) to base 6.
-32033
22374 (base 11) to base 4
13322010
What is -1da9 (base 14) in base 3?
-21110112
Convert -35204 (base 10) to base 14.
-cb88
What is 333022 (base 5) in base 2?
10110101110101
What is -97a0 (base 11) in base 12?
-75a0
70b1 (base 12) to base 6
132341
201 (base 4) to base 2
100001
Convert -661 (base 12) to base 2.
-1110101001
Convert 21266 (base 7) to base 4.
1102223
What is -308a (base 11) in base 12?
-244b
What is 30618 (base 10) in base 4?
13132122
What is -526b (base 14) in base 2?
-11011101111111
What is -230301 (base 4) in base 10?
-2865
-19b (base 13) to base 15
-14c
Convert 11111111111 (base 2) to base 10.
2047
Convert -26823 (base 9) to base 10.
-18165
-1111100000 (base 2) to base 5
-12432
366 (base 8) to base 5
1441
-7a39 (base 11) to base 6
-120533
Convert 12414 (base 5) to base 7.
2604
Convert -114321 (base 5) to base 8.
-10360
Convert 245214 (base 6) to base 7.
120562
Convert 3288 (base 10) to base 6.
23120
What is 16d2 (base 15) in base 10?
4922
What is 1011 (base 3) in base 10?
31
6347 (base 12) to base 5
321410
Convert -4542 (base 7) to base 13.
-999
Convert -100202 (base 3) to base 10.
-263
Convert -a19 (base 15) to base 4.
-203202
-303023 (base 4) to base 3
-11111022
-2536 (base 10) to base 14
-cd2
Convert 100011111111 (base 2) to base 3.
10011022
-3132 (base 4) to base 12
-166
What is 101143 (base 7) in base 10?
17230
122020111 (base 3) to base 5
400233
What is 130402 (base 5) in base 15?
17a2
Convert 3330 (base 4) to base 12.
190
What is 32 (base 4) in base 7?
20
Convert -10a7 (base 13) to base 4.
-210132
Convert -5427 (base 8) to base 12.
-1787
Convert 6032 (base 10) to base 11.
4594
What is -c30d (base 15) in base 6?
-514404
What is -100111001101001 (base 2) in base 5?
-1120243
What is -1591 (base 10) in base 15?
-711
-4144 (base 9) to base 10
-3037
Convert -3103 (base 6) to base 5.
-10222
110100110010010 (base 2) to base 15
801b
Convert -5c69 (base 16) to base 15.
-7022
What is -262 (base 13) in b